 be k(3). Suppose 5*m + 5*v - 5 = 0, 0 = -5*m + 10*v - 12*v + 20. Calculate the highest common factor of c and m.
6
Let m = -53 - -66. Let l = 58 - 19. Calculate the highest common factor of m and l.
13
Suppose -1 = -4*m + 15. Suppose -2*z + 292 = 2*z + q, m*z + 5*q = 308. Calculate the highest common factor of z and 9.
9
Suppose 4*g = -2*a + 46, 0 = -5*a - 3*g + g + 123. Let q = a + -16. Let c be 106/4 + 6/12. What is the highest common divisor of q and c?
9
Let w be (-12)/20 - (-46)/10. Suppose -y = -w*y + 24. Calculate the greatest common factor of 20 and y.
4
Let o = 85 + -41. Let x(a) = -2*a + 3. Let i be x(-4). What is the greatest common divisor of i and o?
11
Suppose -8 + 38 = 3*z. Suppose -5*s + 3*m + 56 = 0, -4*s - m + 23 + 15 = 0. Calculate the greatest common factor of s and z.
10
Suppose 4*b = -22 + 86. Suppose -5*x = 2*k - 15 + 55, -4 = 4*x - 4*k. Let m = 46 + x. What is the highest common factor of m and b?
8
Let v(i) be the first derivative of 2*i**3/3 - 5*i**2/2 + 6*i + 3. Let p be v(6). Calculate the highest common factor of p and 24.
24
Let n = 35 - -60. What is the highest common divisor of n and 38?
19
Suppose 5*g = 5*a - 250, -5*a + 0*g = 5*g - 200. What is the greatest common factor of a and 60?
15
Let o be -1 + 6 + 3/1. What is the greatest common divisor of o and 16?
8
Let f be 29 - (0 + -1)*-1. Let z(y) = 5*y + 27. Let m be z(17). What is the highest common factor of f and m?
28
Let w = -5 + 5. Suppose w*m - 3*m + 9 = 0. What is the greatest common divisor of m and 3?
3
Let d = 12 - 4. Suppose -8 = -4*u - 4. Calculate the greatest common divisor of u and d.
1
Suppose 5*o - 6 + 46 = -5*z, 2*z + 28 = -5*o. Let i be 130/o - 3/6. Let m be 10*2*i/(-12). Calculate the highest common divisor of 5 and m.
5
Let k(b) = 18*b**3 + b**2 - b - 1. Let n be k(1). Let v(z) = -5 + 2*z - 15*z - z. Let d be v(-4). Calculate the highest common divisor of d and n.
17
Suppose -5 = -4*k + 103. Let t(u) = 3*u**2 + 7*u - 2. Let r be t(5). What is the greatest common divisor of k and r?
27
Suppose 0*o - 2*o + 12 = 0. Let s be 1/3*o - -1. Calculate the highest common factor of s and 24.
3
Suppose -6*n + 5*n = -24. What is the highest common divisor of 8 and n?
8
Let g be (-6)/(-2) - (5 - 1). Let k be (-4)/8*(g - 1). What is the greatest common factor of 1 and k?
1
Suppose -4*c = 3*v - 23, -5*c + 43 + 12 = -5*v. Let i(j) = 8*j + 3*j + c*j - 6*j. Let w be i(1). What is the highest common factor of w and 117?
13
Let x = -10 - -8. Let m be 9/6 - x/(-4). Suppose 0 = o - 6 + m. What is the greatest common factor of o and 55?
5
Suppose -2*g = -6*g + 24. Let t = -3 + 39. Suppose 0*o - t = -o. What is the greatest common factor of g and o?
6
Suppose -4*d - 60 = 4*j, -2*j + 15 = -d + j. Let p = 29 + d. Calculate the greatest common divisor of p and 14.
14
Suppose 2 + 7 = 3*j. Let h = j - -6. Let a = 220 + -121. What is the highest common divisor of h and a?
9
Let r be (4/(-6))/(10/(-135)). Let n(g) = g**2 + 4*g + 6. Let l be n(-4). Calculate the highest common divisor of l and r.
3
Let j = 66 - 58. Calculate the greatest common divisor of j and 2.
2
Let f be (-2 + (-6)/(-3))/2. Let o be 0 - (f/2 - 28). Suppose -2*i - 3*c + 48 = 0, 0 = 2*i + 5*c - 20 - o. What is the highest common divisor of i and 8?
8
Let i = -6 - -3. Let t = -8 - i. Let l = 5 - t. What is the greatest common divisor of l and 80?
10
Let o(z) = 7 - 10 + 7*z - 22*z. Suppose 0*d + 9 = -d. Let q be o(d). Calculate the highest common divisor of q and 12.
12
Let l = -2 + 20. Let m be (-10)/(-12) + 4/24. Let g be -3*(0 + -3)*m. Calculate the greatest common factor of g and l.
9
Let x(t) = -t**3 + 3. Let j be x(0). Suppose 0 = 2*z - j*z. Suppose 3 = -4*n + 5*y - 10*y, z = -n - y. What is the greatest common divisor of 27 and n?
3
Suppose -3*p + 0*p = -18. Calculate the highest common factor of p and 12.
6
Let u(j) = -j**3 + j**2 - j + 1. Let k = -5 - -6. Let d be u(k). Suppose -3*z - 4*h + 72 = d, 3*h = z - 31 - 6. What is the greatest common divisor of z and 70?
14
Let c = 9 + -4. What is the highest common divisor of 5 and c?
5
Let o = 28 + -60. Let x be (-3)/(-2*(-6)/o). Let k = 8 - -4. Calculate the greatest common factor of x and k.
4
Suppose 2*m - 3*h = 135, 3*h + 315 = 5*m - 0*h. Suppose -m = z - 6*z. What is the highest common divisor of z and 84?
12
Let j be (272/28)/(2/7). Calculate the greatest common divisor of 238 and j.
34
Let x = 60 + -57. What is the greatest common divisor of 9 and x?
3
Suppose 0 = -2*s + 6*s. Suppose s*t - 5*t = k - 362, 6 = 3*k. What is the highest common divisor of t and 9?
9
Let x(d) = 2*d + 7. Let w be (-3)/(-9)*0/(-3). Let i be x(w). Let p(q) = -q**3 - 5*q**2 + 7. Let k be p(-5). What is the highest common divisor of i and k?
7
Let k be 3*(-26)/(-21) - (-12)/42. Calculate the greatest common factor of k and 10.
2
Let z be -6*(-1)/6*3. Suppose z*h - 7 = 2*h. What is the highest common factor of h and 35?
7
Let w(u) = u**2 - u + 7. Let y be w(-7). What is the greatest common factor of 7 and y?
7
Let r = -5 - -17. Calculate the highest common divisor of r and 18.
6
Suppose -5*n - 10 = -75. Let q be ((-182)/3)/((-22)/33). What is the greatest common factor of q and n?
13
Suppose 30 - 54 = -4*f. Let o be 0 + 1 - 92/(-4). Let h be -2*f/4 + o. Calculate the highest common factor of 14 and h.
7
Suppose 4*q - 10 = -q. Let t = 8 - 4. What is the greatest common divisor of q and t?
2
Suppose 0*z - 3*z + 87 = 0. What is the highest common divisor of 261 and z?
29
Let x be 17 - -94 - 1*6. Suppose 8 = a - 34. What is the greatest common factor of x and a?
21
Let a = -7 - -31. What is the highest common factor of 96 and a?
24
Let l = -1 + 4. Suppose -l*f + 13 = -8. What is the greatest common factor of f and 49?
7
Let w(k) = 3*k**2 + k + 1. Let s be w(-1). Let g = 5 - s. Let u be (g + 1)/(9/18). Calculate the greatest common factor of u and 3.
3
Suppose -46 = -g + 5*p, 0*g = 5*g - 3*p - 252. What is the highest common factor of 17 and g?
17
Let o = -26 - -14. Let a be (-767)/(-5) + o/(-20). What is the highest common factor of a and 14?
14
Let a(k) = -k**2 - 7*k + 7. Let d be a(-6). Let j(c) = -c + 6. Suppose -p = 4 + 3. Let m be j(p). What is the highest common divisor of d and m?
13
Let n = 67 + -57. What is the greatest common divisor of n and 20?
10
Let y = 30 + -21. Suppose 34*z = 29*z + 180. What is the highest common divisor of z and y?
9
Let a be (-273)/2*(-6)/9. Let y(s) = -7*s**3 + s**2 - 4*s - 3. Let i be y(-2). Suppose -7*p = -2*p - i. Calculate the greatest common divisor of p and a.
13
Let a be (23/4)/(8/160). Calculate the highest common divisor of a and 23.
23
Let c = 9 + 36. Calculate the greatest common factor of c and 18.
9
Let z(n) = n**2 + n - 15. Let r be z(12). What is the greatest common divisor of 47 and r?
47
Let o = 0 - -4. Suppose 0 = -5*z - 19 + 4, 3*w = -5*z + 93. What is the highest common divisor of o and w?
4
Let p be (4/(-6))/((-2)/6). Let l(r) = -r**2 - 5*r - 4. Let c be l(-3). Let y be 1*19 - (c - 1). Calculate the highest common factor of y and p.
2
Let m be 5*(-4)/(-14)*7. Let r = 17 + -12. What is the greatest common factor of r and m?
5
Suppose -3*v = -385 - 266. What is the greatest common divisor of 31 and v?
31
Let s be 4 + (-11)/2*-2. Let r(f) be the first derivative of f**4/4 - f**3/3 - 3*f**2 + 6*f + 1. Let b be r(4). What is the highest common divisor of s and b?
15
Let c be 105/42*6/(-10)*-2. What is the greatest common factor of c and 9?
3
Suppose 5*s - 175 = -5*h, -4*s - 5*h = -9*s + 215. What is the greatest common factor of 52 and s?
13
Let o(y) = -y**2 + 6*y + 5. Let l be o(4). Calculate the highest common factor of 26 and l.
13
Let c(y) = -y**2 - 6*y - 1. Let w be c(-5). Let z be 62/5 + 4/(-10). Calculate the greatest common factor of z and w.
4
Let k = 5 + -1. Suppose -2*v - 12 + 0 = -5*s, k*s - 12 = 4*v. Suppose -s + 23 = u. Calculate the greatest common factor of u and 168.
21
Suppose 6*u = 254 + 502. Calculate the highest common divisor of u and 18.
18
Suppose 5*w + 5 = 0, i + 4*w + 61 = 4*i. What is the highest common divisor of i and 19?
19
Let b(u) = -u + 5. Let i be b(-6). Let v = i - 3. Let d = 6 - 4. Calculate the highest common factor of d and v.
2
Let j be -6*(15/(-6) + 3). Let s be (-231 + (j - -3))*